5, 3*h - 5*c - 55 = 0. Calculate the highest common divisor of 30 and h.
10
Let l = -725 - -770. Calculate the highest common factor of 9495 and l.
45
Let k be (-8*1)/4*(205/(-10) - -2). Calculate the highest common factor of k and 148.
37
Let l(d) = 28*d + 2229. Let m be l(-69). What is the highest common divisor of m and 2343?
33
Suppose 5*b - 4*t - 97 = 0, -t = 2*b + t - 28. Let a be (1/3)/(b/(-153)). Let r be -4 + 37/1 - (-9)/a. Calculate the highest common divisor of 6 and r.
6
Suppose -9*i + 12 = 21. Let c be 14/(-77) - i*2250/33. Calculate the highest common divisor of 748 and c.
68
Let j be -1 + 11 + 0 - -2. Suppose -5*u = -u - j. Suppose 1770*t = 1792*t - 726. Calculate the highest common divisor of t and u.
3
Let f be (-3)/21 + -3194*(-4 + (-385)/(-98)). What is the highest common divisor of 12 and f?
12
Let d be ((-6)/5)/(-5*1/1050). Suppose 0 = 7*m - 5*m. Suppose 38 = 4*i + 4*s - 78, -i - 4*s + 32 = m. What is the highest common divisor of d and i?
28
Let i be 2/(-5) - 366/(-15). Let x(l) = -l**2 + 89*l + 1704. Let o be x(105). What is the highest common factor of o and i?
24
Suppose 3*y = r + 410, -5*y + 261 + 417 = r. Let x = 11134 + -11083. Calculate the highest common divisor of y and x.
17
Let m = 371 - 356. Suppose -j + 5*c - c = -m, 0 = -2*j + 2*c + 48. What is the greatest common factor of j and 63?
9
Suppose -9*l + 685 + 2204 = 0. Let w = l - 225. What is the highest common factor of 3 and w?
3
Let l(s) = -s**3 + 15*s**2 - 35*s - 24. Let r be l(11). Calculate the greatest common divisor of 2175 and r.
75
Suppose -v = -5*k - 8, 3*k = -2*v - 27 + 30. Let x = -16 + 31. Calculate the highest common factor of x and v.
3
Suppose -266*o = -213*o - 24486. Calculate the highest common divisor of o and 252.
42
Let m be 0 - (999 + 15)*1/3. Let k = -322 - m. Calculate the highest common factor of k and 48.
16
Suppose 5560 = 10*h - 11100. Calculate the greatest common divisor of 42 and h.
14
Suppose 7918 = 4*s - 3*l + 5*l, 0 = 5*l + 5. Suppose 14*z + z - s = 0. What is the highest common factor of 363 and z?
33
Let x be ((33 + -26)/((-2)/(-24)))/((-69)/(-46)). Suppose -n - 3*n + 92 = 0. Let v be n/3 - (-10)/(-15). What is the highest common divisor of x and v?
7
Let g(m) = 96*m**3 + 2*m**2 - 4*m + 10. Let h be g(3). Calculate the greatest common factor of h and 1467.
163
Suppose 399*q + 216 = 408*q. Suppose q*r = 29*r - 700. What is the greatest common divisor of 40 and r?
20
Suppose -20 = -4*w, 0*m - w + 182 = 3*m. Suppose 14*z - 13 = -g + 15*z, -5*g = -2*z - m. What is the greatest common factor of 110 and g?
11
Suppose m = 4*t - 199, -3*m - 65 = -2*t + 562. Let y = 222 + m. Calculate the greatest common factor of y and 11.
11
Suppose 0 = 3*t + c - 1215, -t - 60*c + 392 = -64*c. What is the greatest common factor of 2121 and t?
101
Let z = 35140 + -25561. What is the greatest common factor of 515 and z?
103
Let k = -284 + 288. Suppose -2*j + 4*m + 24 = 2*j, 2*j - 30 = -k*m. Calculate the highest common factor of 12 and j.
3
Suppose 1735 = 5*z + 82*m - 79*m, -4*m - 1420 = -4*z. What is the highest common factor of 10 and z?
10
Let u(b) = b**2 + 9*b + 15. Let x be u(0). Let q be (-6)/(-27 + -3) - (-132)/x. Calculate the highest common divisor of 21 and q.
3
Let q be 351 - (-6 - (-12 - 3)). Let a = 423 - q. Calculate the highest common factor of a and 810.
81
Suppose 3*c = 3*t + 2496, -390*t + 394*t + 32 = 0. What is the greatest common divisor of 136 and c?
8
Suppose -3*k - 10 = -v - k, -4*k = v - 40. Suppose 216 = -17*r + v*r. What is the greatest common factor of 27 and r?
9
Let k = -2 - -4. Suppose 5*g = -o + 443, -o = 3*g - 265 - k. Let l = 5480 - 5458. Calculate the highest common divisor of l and g.
22
Let d be 297/(-2)*(-228)/114. Let y(j) = -j**3 + 7*j**2 - 6. Let k be y(5). Let c be (6/4)/(2/k). Calculate the greatest common divisor of d and c.
33
Let b = -2 - -11. Suppose -2*a + 2*k + k + b = 0, -2*a + 2*k = -8. Let q be 43/4 - 250/(-200). Calculate the greatest common factor of a and q.
3
Let h(g) = -260*g. Let l be h(-1). Let t(k) = k**2 + 15*k - 691. Let n be t(-36). What is the highest common factor of n and l?
65
Let a be 2/4 + (-3078)/(-4). Let o(w) = w**2 - 6*w - 1217. Let v be o(39). Calculate the highest common factor of a and v.
70
Suppose -4*j + 1251 = -c - 114, j - 315 = -5*c. What is the highest common divisor of j and 40?
20
Let b be (-1337)/(-35) + 18/10. What is the highest common divisor of b and 135?
5
Let b be (19 - (-2436)/(-126))/(1*(-2)/2088). Let m(z) = -36*z**3 + z**2 + 2*z + 1. Let h be m(-1). What is the highest common factor of b and h?
12
Let u be (6 + -3)/(-3) + 5. Let f be 7 + (6 - 3 - 5). Suppose 9*v = -5*j + f*v + 488, u*j + v - 386 = 0. Calculate the greatest common factor of 64 and j.
32
Suppose 44*r + 80*r = 4092. Calculate the highest common divisor of r and 6237.
33
Let g(h) = -20*h - 10*h**2 + 30 - 7*h**2 + 27*h**2 - 9*h**2. Let j be g(20). Suppose 0 = 2*b - 5*b + 36. Calculate the highest common divisor of b and j.
6
Let z(o) = -7 - 17*o - 11 + 21 - 2*o**2 + 3*o**2. Let y be z(16). Let t(s) = s**2 + 13*s + 15. Let c be t(y). Calculate the highest common factor of c and 135.
15
Let y be 6/(-123) - 714868/(-9922). Suppose w - 54 = 36. What is the greatest common factor of y and w?
18
Suppose -2*r = -4*p + 6, r = 3*r - 6. Suppose -61 + 19 = -p*b. Calculate the greatest common divisor of b and 224.
14
Let r(d) = 6*d**2 + 77*d + 280. Let x be r(-5). What is the greatest common factor of x and 7515?
45
Suppose -c = -2*l + 7, -2*c + 47*l - 49*l + 28 = 0. What is the greatest common factor of 28133 and c?
7
Let y = 137 - 145. Let u(b) = b**2 - 3*b - 57. Let w be u(y). What is the greatest common factor of 31 and w?
31
Let j be 7 + -6 - (-1)/((-3)/(-39)). Let b = -35 - -24. Let o be j + 0 + -5 + 12 + b. Calculate the greatest common factor of 10 and o.
10
Let t = 53 + -33. Suppose -t*j + 22*j = 24. Let f(a) = a**2 - 6*a - 5. Let h be f(7). What is the greatest common divisor of j and h?
2
Let o = -24653 - -24718. Calculate the highest common divisor of 80 and o.
5
Suppose 2*k - 135*q = -139*q + 10606, 4*q + 10574 = 2*k. What is the greatest common divisor of 45 and k?
15
Let p be (62/(-6) - -9) + (-4)/6. Let t be ((-18)/24*2)/(1/p). Let r be 208 + (t - -1) + 4*1. Calculate the highest common divisor of 24 and r.
24
Suppose -54*m - 35*m = -4005. What is the greatest common factor of 45 and m?
45
Let o(d) = 2*d**2 - 50*d + 287. Let l be o(8). What is the highest common divisor of 125 and l?
5
Let g(p) be the second derivative of -14*p**3/3 - 60*p**2 + 61*p. Let b be g(-6). Calculate the highest common divisor of 6 and b.
6
Let m = 10 - -32. Let r(a) = 2*a**2 - 52*a + 78. Let p be r(25). Calculate the greatest common factor of p and m.
14
Let l(x) be the third derivative of 3*x**5/20 - x**4/3 - 25*x**3/6 + 4*x**2. Let s be l(-5). What is the greatest common divisor of 96 and s?
48
Let r be ((-234)/27 + 6)*117. Let n = r + 328. What is the highest common factor of 112 and n?
16
Suppose -5*b + 3*j = -132 + 18, -3*j = 3*b - 54. Let v(a) = -25*a - 2 - b + 115*a. Let c be v(5). Calculate the highest common factor of 61 and c.
61
Let t be ((-992)/10)/8*(-39 - 1). Let s = -456 + t. Calculate the greatest common factor of s and 25.
5
Let p = 4228 - 4156. What is the greatest common divisor of p and 1272?
24
Let p = -12119 - -12283. Calculate the greatest common factor of 1968 and p.
164
Let s(u) = -u**3 - 25*u**2 - 23*u + 58. Let d be s(-24). Let r be 2/11 - (-20172)/132. Calculate the highest common divisor of d and r.
17
Let f = -4202 - -4292. What is the highest common factor of 18 and f?
18
Let c be (8 - 9)*10 + (9703 - 11). What is the highest common factor of c and 824?
206
Let n = -9617 + 10057. Calculate the greatest common factor of 2332 and n.
44
Let l be (37/((-1443)/(-26)))/(1/12). Calculate the highest common divisor of 31 and l.
1
Let o(k) = -50 + k + 214 - 6*k + 54. Let u be o(15). Suppose 5*r - 2*s - 67 = -4, 2*s = -8. Calculate the greatest common factor of r and u.
11
Suppose -3*b - 9*i + 10*i + 13 = 0, -4*i - 25 = -3*b. Let u be 40/12 - 1/b. Calculate the highest common divisor of 9 and u.
3
Suppose 23*v - 20*v + n - 50651 = 0, 0 = 3*n + 12. Calculate the greatest common factor of v 